ppose 3*y + y + d = 0. Let f(l) = -l**3 - 6*l**2 - l - 2. What is f(y)?
4
Let a(m) = -5*m**2 + m + 1. Suppose 11 = 4*y - q, 5*y - 2*q - 14 = -1. Suppose -4*n = -4*o + 8, -y*n - 3 = -4*o + 3. Let z be (2/(-8))/(n/(-8)). What is a(z)?
-5
Let b(c) = c**2 + 11*c - 4. Let j be (7 - -38)/(-9) + -6 + 0. Give b(j).
-4
Let v(s) = -s**3 - 7*s**2 + 6*s - 6. Let n(g) be the first derivative of -g**4/4 - g**2/2 + 11. Let w(d) = 2*n(d) - v(d). Determine w(6).
-6
Let d(y) = -7*y. Let a = 79 - 233. Let h be a/110 + 2/5. Let n be 2*h/(-2)*-1. Calculate d(n).
7
Let k(i) = -1 - 5*i + i + 5*i - 2*i. Let t(w) = -1 - 5*w + 1. Let j(l) = -6*k(l) + t(l). Give j(-5).
1
Let y(d) be the first derivative of -12 + 2*d - 9/2*d**2 + 1/3*d**3. Calculate y(8).
-6
Let l(u) = u**2 + u - 4. Let r(i) = 5*i**2 - i - 11. Let s(o) = -2*o**2 + 5. Let f(j) = 3*r(j) + 7*s(j). Let y be f(2). Calculate l(y).
-4
Let r(j) = 3 - 7 - 3 + j. Let m be 15/6*56/20. Let u = m + -7. Determine r(u).
-7
Suppose -3*d = -q - 9, 3*q - 5*d + 17 = 2*q. Suppose -5*p + 30 = -3*v, -p - 9 = 3*v + 3. Let b(k) = -k**p + 2 + 3*k**2 + 0*k - k + 2*k - q*k. Calculate b(3).
-4
Let u(o) = o**3 + 9*o**2 + 2. Let c be u(-9). Let k(y) = y**2 - 9*y + 10. Calculate k(c).
-4
Let f = 90 - 96. Let c(n) = n**3 + 5*n**2 - 6*n + 8. Give c(f).
8
Let f be 4/(-14) + 264/42. Let w(g) = 85*g**2 - 2*g - 89*g**2 - g**3 + 4*g - f. Give w(-5).
9
Let d(r) = -2*r**3 + 25*r**2 - 19*r - 34. Let i(t) = t**3 - 12*t**2 + 9*t + 17. Let v(g) = 3*d(g) + 7*i(g). What is v(8)?
1
Suppose 2*t + 4*o = -16, -3*t + 46 - 37 = -5*o. Let h(q) = q**2 + 3*q - 2. What is h(t)?
-4
Let k(i) be the first derivative of -i**2/2 - 3*i + 116. Calculate k(-2).
-1
Let k(g) = 5*g - 28. Let s(a) = -2*a + 14. Let i be (-30)/(-40) - 30/8. Let f(p) = i*k(p) - 7*s(p). Calculate f(-6).
-8
Let d(p) = p**3 - 7*p**2 + 2*p - 14. Let w be d(7). Suppose -10 = -2*z, 0*h - 4*z = -4*h - 16. Let n(m) = m**2 + 75*m + w - 4*m**3 + h - 73*m. Determine n(-1).
4
Let b(l) = -3*l - 2. Let k be b(-5). Let c(q) = -26*q + k*q + 14*q + 4. Calculate c(3).
7
Let s(r) be the second derivative of -r**5/20 - r**4/2 - 3*r**2 - 7*r. Let t = -202 - -196. Determine s(t).
-6
Let u(x) be the third derivative of -x**6/120 - 5*x**3/6 - 2*x**2 - 15*x. Suppose -2*o + 1 - 1 = 0. What is u(o)?
-5
Let f be (12/9)/((-3)/(-18)). Suppose 9*s - f*s = 1. Suppose -s = -n - 2. Let h(p) = -p**3 - p**2 + p. What is h(n)?
-1
Let g(v) = -2*v - 5. Suppose 0 = -4*z + 2*y - 3*y + 147, -5*z = -5*y - 165. Let n = z + -43. Calculate g(n).
9
Let s = -665 - -668. Let b(f) = -4 + 1 + 0 + 2 + f**2 - 3*f. What is b(s)?
-1
Let h(p) = p**3 + 6*p**2 + 5*p - 1. Let l be (-80)/(-6) + (-10)/30. Suppose l + 12 = -5*t. Determine h(t).
-1
Let j(c) = -c**3 - 9*c**2 + c + 12. Let p(r) = -r**3 - 10*r**2 - r + 12. Let x(l) = -5*j(l) + 4*p(l). What is x(-6)?
6
Let m(n) be the first derivative of n**3/3 + 2*n**2 - 4*n + 41. Let u be 0*(-1)/4 + -5. Calculate m(u).
1
Let k(l) be the first derivative of -10 + 2*l**2 + 6*l + 1/3*l**3. Give k(-5).
11
Let q(n) = n + 3. Let a = -291 + 290. What is q(a)?
2
Let z(t) = 4*t + 11 + t**2 + 2*t - 3. Let m be z(-5). Let w(f) = -4 - 26*f + 27*f + m. Calculate w(2).
1
Suppose 2*v = -4, q = 6*v - 2*v + 4. Let i(z) = 5*z - 1. Let c(j) = -3*j. Let y(g) = q*i(g) - 6*c(g). What is y(9)?
-14
Suppose -2*m = -5*m + 15. Suppose 4*q - m + 29 = 0. Let d be (-3)/(q/8) + -1. Let x(t) = -t**2 + 4. Calculate x(d).
-5
Let u(m) = -m + 2. Let d(w) = w**2 - 8*w + 14. Let t be d(6). Let o be 0/(5 + -4 + -3). Suppose -a + t + 3 = o. Give u(a).
-3
Let v(y) be the third derivative of y**5/12 + y**4/24 - 113*y**2. What is v(2)?
22
Let g(l) = l - 3. Suppose -2 = n + 2*a, -2*n - a = -4*a + 4. Let k be (n - (-7)/1)/1. Suppose -k = -3*h + 10. Determine g(h).
2
Let a be 45/(-6)*16/24. Let q(d) = -d**3 - 8*d**2 - 12*d + 9. Calculate q(a).
-6
Let c(l) = -7*l**2 - 4 + l**3 + 3 - 4*l + 4*l + 5*l. Let s be (-2 - 38/(-4))*64/80. Determine c(s).
-7
Suppose 0 = r - 1, 6*r - 14 = -4*h + 4*r. Let a(z) = 2*z - 3. Let p(q) = 1. Let o(u) = -a(u) - p(u). Give o(h).
-4
Let q(u) = 2*u**3 - 7*u**2 - 7*u + 1. Let f(g) = -g**3 + 6*g**2 + 6*g. Let v(c) = -3*f(c) - 2*q(c). Suppose 45*t + 6 = 42*t. Determine v(t).
-2
Let j(m) = -m**3 + 2*m**2 - 4*m + 3. Suppose 4*u = 4*k + 12, -3*k = -2*u + 6 + 3. Suppose 4*a - 7*a - 7 = -5*b, u = 3*b - 5*a - 1. Determine j(b).
-5
Let g be ((9/(-9))/((-30)/(-25)))/(-5). Let i(t) be the third derivative of -1/12*t**4 + 0*t + 1/15*t**5 + 0 + g*t**3 + 3*t**2. What is i(2)?
13
Let w(i) = -4*i**3 + 4*i**2 + 2*i + 2. Let c(b) = -b**3 + b**2 + b. Let v(j) = -2*c(j) + w(j). Give v(2).
-6
Let g(t) be the first derivative of -2*t**2 + 3*t + 99. Give g(3).
-9
Let i(f) = f + 9. Let v be i(-6). Suppose 4*k = 0, 4*j - v = 3*j + 4*k. Let r(y) = j*y**2 - 2 + 2 - 4 + 3 + 4*y. Calculate r(-3).
14
Let w = 139 + -136. Let x be -4 - (-1 + (w - 10)). Let t(d) = -d + 2. Determine t(x).
-2
Let g(v) = 2 + 2 - 7*v + 2. Let x(u) = 3*u - 1 - 16 + 26*u - 9*u. Let s(y) = 17*g(y) + 6*x(y). What is s(4)?
4
Let h be 1/(-1) + (-36)/3. Let o be 12*(-7 + 4 + 2). Let p = h - o. Let f(j) = 7*j**2 - j. What is f(p)?
8
Suppose 0 = -14*w + 11*w - 12. Let c(l) = 2*l**2 + 6*l. Calculate c(w).
8
Let o(d) = -46*d**2 + 4 - d**3 - 4*d - 2*d + 54*d**2 - 6. Give o(7).
5
Suppose -6*q + 16 = -2*q. Let v(m) = 31*m**2 - 27*m**2 + 4 + 2*m - m**3 - 8. Give v(q).
4
Let x(j) = -3 - 2764*j + 2758*j - 2. Determine x(-5).
25
Let j(m) = m**2 - m. Suppose 4*v = 3*l - 4 - 3, 2*v = 4. Determine j(l).
20
Let x(g) = 9*g + 3. Let h be x(-1). Let f(v) = v**3 + 6*v**2 + 2*v + 4. Determine f(h).
-8
Let v(f) = f + 7 - f**2 + 2*f**2 - 3*f - 4*f. Suppose 0 = 6*j - 10 - 8. Suppose 0 = -4*c - j*w + 29, 0 = -3*c - 4*w - 0*w + 27. Calculate v(c).
2
Let q = 9 - 4. Let r(t) = -2*t + 2*t - q*t - 1 + 4*t. Suppose -4*f + 13 = -3*x - 3, -2*f + 3*x = -14. Give r(f).
-2
Let h(n) = -n**2 + 16*n + 7. Suppose -77*a + 102 = -822. What is h(a)?
55
Let c(y) be the first derivative of -3*y**3 + 2*y - 100. Calculate c(2).
-34
Let q(k) = -17 + 4 + 12 - k**2 - k. Let i(l) = 4*l**2 + 9*l + 4. Let t(s) = -i(s) - 6*q(s). Calculate t(2).
4
Let v(l) be the third derivative of -9*l**2 + 0*l + 0 - 1/60*l**5 + 1/12*l**4 - 1/360*l**6 - 1/6*l**3. Let t(z) be the first derivative of v(z). Give t(3).
-13
Let g(n) be the second derivative of -n**5/60 - 7*n**4/24 - 5*n**3/6 - 14*n**2 - 31*n. Let c(a) be the first derivative of g(a). Determine c(-6).
1
Let q be (1 + 1)/((-14)/21). Let r(k) = -2*k + 2. Calculate r(q).
8
Let y = -137 - -111. Let u be (-1)/4 - (-242)/8. Let n be 2/(-13) - u/y. Let j(p) = -p**3 - p. What is j(n)?
-2
Let w(q) = -45*q + 14*q + 16*q + 3 + 22*q - q**2. What is w(5)?
13
Let h(m) = m**2 + 8*m - 2. Let p(x) = -1. Suppose -4*q = -3*i - 19, -4 = i - q + 2. Let y(l) = i*p(l) + h(l). What is y(-3)?
-12
Let w(g) = g**3 + 3*g**2 + 7*g - 3. Let b be w(-6). Let z be b/34*(-8)/18. Let x(v) = 2*v**2 - v + 2. Determine x(z).
8
Suppose -4*h = -69 + 77. Let s(m) = 5*m**3 + 3*m**2 + 4*m + 3. Determine s(h).
-33
Suppose 4*y - 3*k - 4 = 0, -4*y - 28 = -0*y + 5*k. Let q(i) = 82 - 2*i + 11*i + 82 - 162. Give q(y).
-16
Let p(t) = t**3 - 2*t**2 - 5*t - 3. Let l(a) = 3*a**3 - 7*a**2 - 15*a - 9. Let o(n) = -2*l(n) + 7*p(n). Determine o(-3).
-15
Let p(w) = -4*w - 3. Suppose -4*t + 6 + 2 = -2*j, -2*j - 5*t = 8. Let h(z) = z**3 + 3*z**2 - z + 10. Let c be h(j). Give p(c).
5
Let h(a) = 13*a + 16*a - 6 + a**2 - 36*a + 15*a. What is h(-9)?
3
Let a(n) = 41*n - 1. Suppose 0 = -3*t + 63 - 66. Calculate a(t).
-42
Let s = 40 + -39. Let j(u) = -190*u + 189*u - s - 5. What is j(-7)?
1
Suppose 4*k + n - 8 = 2, -5*n = 5*k - 20. Let t(r) = 5*r - 3. What is t(k)?
7
Suppose -j - 1 - 1 = -v, -10 = 5*j. Let m(b) = 7*b**3 - 4*b**2 + b + 24. Let q(y) = -9*y**3 + 5*y**2 - y - 34. Let h(s) = 4*m(s) + 3*q(s). Calculate h(v).
-6
Let m(v) = -11*v - 4. Suppose -21 = 2*k + 3*d, -5*k - 26 = -3*k + 4*d. Determine m(k).
29
Let n(k) be the first derivative of -k**3/3 + k**2/2 - k - 1. Suppose 10 = 4*i - 10. Suppose -p = -i*w, -2*p + 3*w = 3*p. What is n(p)?
-1
Let q(u) = -17*u + 25*u - 6*u**2 + 11 + 5*u**2. Let p be ((-3)/5)/(1/(-15)). Give q(p).
2
Let h(l) be the third derivative of -l**9/60480 - l**8/5040 - l**7/2520 - l**6/720 - l**5/10 - 8*l**2. Let a(k) be the 